{"id":19,"date":"2018-08-06T01:32:36","date_gmt":"2018-08-05T23:32:36","guid":{"rendered":"http:\/\/tychien.bzh\/?page_id=19"},"modified":"2022-08-29T14:49:42","modified_gmt":"2022-08-29T12:49:42","slug":"accueil","status":"publish","type":"page","link":"https:\/\/tychien.bzh\/","title":{"rendered":""},"content":{"rendered":"<h1><span style=\"color: #6f1282;\">9 rue G\u00e9n\u00e9ral de Gaulle \u00e0 Saint-Renan \u00a0 \u00a0 \u00a0 <\/span><\/h1>\n<h1><span style=\"color: #6f1282;\">07 71 56 29 29<\/span><\/h1>\n<hr \/>\n<h2><em><span style=\"color: #ff00ff;\">Bienvenue<\/span><span style=\"color: #ff00ff;\"> \u00e0 toutes et \u00e0 tous,<\/span><\/em><\/h2>\n<p><span style=\"color: #000000;\">Je suis <span style=\"color: #3366ff;\">Emmanuelle, toiletteuse professionnelle<\/span>\u00a0offrant mes comp\u00e9tences\u00a0et services aux clients de la r\u00e9gion Iroise\u00a0.<\/span><\/p>\n<p>Je vous accueille dans mon salon, \u00e0 <span style=\"color: #3366ff;\">Saint-Renan<span style=\"color: #000000;\">,<\/span><\/span><span style=\"color: #000000;\">\u00a0avec mon apprentie Karen,\u00a0<\/span>pour toiletter vos petites et grandes b\u00eates \u00e0 poils.<\/p>\n<div class=\"zone-description marg-btm-m\">\n<div class=\"description pf_description\">\n<p>Douceur pour les animaux, comp\u00e9tences et convivialit\u00e9 pour les ma\u00eetres.<\/p>\n<p><span style=\"font-size: 1rem;\">Les chiens et chats b\u00e9n\u00e9ficient de tous les soins : bain, tonte, coupe ciseaux, \u00e9pilation, coupe de griffes, soins d&rsquo;hygi\u00e8ne.<\/span><\/p>\n<p>Utilisation exclusive de produits de qualit\u00e9 adapt\u00e9s \u00e0 chacun des clients \u00e0 4 pattes.<\/p>\n<p><span style=\"font-size: 1rem;\">Le salon est am\u00e9nag\u00e9 et \u00e9quip\u00e9 pour toutes les races m\u00eame les plus grandes.<\/span><\/p>\n<\/div>\n<div class=\"description pf_description\">\n<p><span style=\"font-size: 1rem;\">Ma philosophie\u00a0: une bonne hygi\u00e8ne corporelle pour une sant\u00e9 pr\u00e9serv\u00e9e sur le long terme et les voir repartir beaux et heureux, bien dans leurs patounes.<\/span><\/p>\n<p>Sur RDV au 07 71 56 29 29<\/p>\n<\/div>\n<\/div>\n<p><span style=\"color: #3366ff;\">\u00c0 tr\u00e8s bient\u00f4t<\/span>,<\/p>\n<p><span style=\"color: #ff00ff;\">Emmanuelle<\/span><\/p>\n","protected":false},"excerpt":{"rendered":"<p>9 rue G\u00e9n\u00e9ral de Gaulle \u00e0 Saint-Renan \u00a0 \u00a0 \u00a0 07 71 56 29 29 Bienvenue \u00e0 toutes et \u00e0 tous, Je suis Emmanuelle, toiletteuse professionnelle\u00a0offrant mes comp\u00e9tences\u00a0et services aux clients de la r\u00e9gion Iroise\u00a0. Je vous accueille dans mon salon, \u00e0 Saint-Renan,\u00a0avec mon apprentie Karen,\u00a0pour toiletter vos petites et grandes b\u00eates \u00e0 poils. Douceur &hellip; <\/p>\n<p class=\"link-more\"><a href=\"https:\/\/tychien.bzh\/\" class=\"more-link\">Continuer la lecture<span class=\"screen-reader-text\"> de &laquo;&nbsp;&nbsp;&raquo;<\/span><\/a><\/p>\n","protected":false},"author":1,"featured_media":0,"parent":0,"menu_order":0,"comment_status":"closed","ping_status":"closed","template":"","meta":[],"_links":{"self":[{"href":"https:\/\/tychien.bzh\/index.php?rest_route=\/wp\/v2\/pages\/19"}],"collection":[{"href":"https:\/\/tychien.bzh\/index.php?rest_route=\/wp\/v2\/pages"}],"about":[{"href":"https:\/\/tychien.bzh\/index.php?rest_route=\/wp\/v2\/types\/page"}],"author":[{"embeddable":true,"href":"https:\/\/tychien.bzh\/index.php?rest_route=\/wp\/v2\/users\/1"}],"replies":[{"embeddable":true,"href":"https:\/\/tychien.bzh\/index.php?rest_route=%2Fwp%2Fv2%2Fcomments&post=19"}],"version-history":[{"count":24,"href":"https:\/\/tychien.bzh\/index.php?rest_route=\/wp\/v2\/pages\/19\/revisions"}],"predecessor-version":[{"id":239,"href":"https:\/\/tychien.bzh\/index.php?rest_route=\/wp\/v2\/pages\/19\/revisions\/239"}],"wp:attachment":[{"href":"https:\/\/tychien.bzh\/index.php?rest_route=%2Fwp%2Fv2%2Fmedia&parent=19"}],"curies":[{"name":"wp","href":"https:\/\/api.w.org\/{rel}","templated":true}]}}